= 4*q - 5*r. Let w = q - -99. What is the tens digit of w?
7
Suppose -69*i - 891 + 2133 = 0. What is the units digit of i?
8
Suppose 0 = -3*n + o - 6*o - 561, -5*n - 5*o = 925. Let i be (-3)/6*(1 - 5). Let t = i - n. What is the hundreds digit of t?
1
Let u(o) = -27*o + 6. Let x = -6 - 2. Let j be u(x). What is the tens digit of j/4 - 15/10?
5
What is the hundreds digit of 302*((-12)/(168/(-1505)) + -11)?
1
Suppose -44*l + 27446 + 108954 = 0. Suppose 2*o + 1860 = 5*o - 2*y, -5*o + 3*y = -l. What is the units digit of o?
0
Let g(z) = -z + 5*z - 2 + 58*z**2 + 5*z. Let p = -3035 + 3037. What is the units digit of g(p)?
8
Let b be 166*(1/(-1) + 7). Suppose -2*u = -2*m + b, 4*m - 820 = -3*u + 1200. Suppose 5*a = m - 142. What is the units digit of a?
2
Let o(r) = r**3 - 3*r**2 - 14*r + 9. Let a be o(5). Let i(f) = 4*f**2 + 14*f + 96. What is the units digit of i(a)?
6
Let m be -3 + 0/(-1) - (1 + -8). Let o be m*(14/(-21))/(4/(-6)). Suppose 0 = 4*c + o*c - 1208. What is the units digit of c?
1
Let d = 114 - 158. Let i = d + 44. What is the units digit of i + 2 + (-357)/(-3) - 1?
0
Let h = 40593 - 27114. What is the hundreds digit of h?
4
Let p = -39089 + 85114. What is the ten thousands digit of p?
4
Let v(i) = 6*i**2 + 5*i - 2*i**2 - 4*i. Let h be v(-1). Suppose 3*c + 3*j = 5*j + 334, -j - 329 = -h*c. What is the units digit of c?
8
Suppose 4*f + 1582 = -4*h - 158, 2*f - 2*h = -862. Let a = f + 760. What is the tens digit of a?
2
Suppose -53*j = 26*j - 3641742. What is the ten thousands digit of j?
4
Let x(y) = y**3 - 19*y**2 - 5. Let a be x(19). Let s(o) = o**3 + 4*o**2 - 6*o - 5. Let r be s(a). Suppose -2*j + 363 - 139 = r. What is the tens digit of j?
1
What is the hundreds digit of (81080/(-12))/((-5)/6)?
1
Suppose -4*m = -4*q + 16, 2*q + m = 2*m + 4. Suppose q = 85*n - 81*n - 904. What is the hundreds digit of n?
2
Suppose 6124 = 2*g - 10*c, -5*c - 1496 + 7695 = 2*g. What is the units digit of g?
7
Let l be -3 + 12*(-5)/(-20). Suppose l = 6*t - 1261 - 809. What is the units digit of t?
5
Suppose -j - 24 = -5*q, -3*q = 3*j - 2*j - 8. Suppose 5*f - q*v = -2, 3*f + v + 3*v = 18. What is the units digit of (12/7)/((-200)/105 + f)?
8
Let k(g) = g**2 - 4*g - 105. Let l(s) = -s**2 - s - 1. Let t(n) = -k(n) - 2*l(n). What is the units digit of t(-18)?
3
Let g be (-4)/(-20)*3 - 153/5. Let i be ((-72)/g)/2 - 2/10. What is the units digit of ((-183)/(-12) - 6/(-8))/i?
6
Suppose -3*i = 3*g - 28050, -5*i + 3*g - g = -46764. What is the hundreds digit of i?
3
Suppose 4*g = 8*g - 124. Let d(j) = 14 + 2*j - 3*j + g + 23*j. What is the hundreds digit of d(11)?
2
Let t(w) = 2017*w**2 + 29*w + 61. What is the tens digit of t(-2)?
7
Suppose 2019*g - 2013*g = 120. Let l(c) = 3*c**2 - c - 1. Let j be l(-1). Suppose 0 = -j*v - v + g. What is the units digit of v?
5
Let j = 509 - -365. Suppose 0 = 4*c - 3*k - j, -4*k = -3*c + k + 650. What is the hundreds digit of c?
2
Suppose 8*c + 9318 = 11*c. Let l = c - 1826. What is the hundreds digit of l?
2
Let n = 62 - 36. Suppose -31*w + 1300 = -n*w. What is the units digit of w?
0
Suppose 0 = 21*z + 5*z - 338. Suppose -u + 13048 = z*u. What is the tens digit of u?
3
Let x be 2/6 + 2/(-6). Suppose -4*j + 2266 + 3690 = x. What is the tens digit of j?
8
Let n be 4/(-9) - (-66)/27. What is the hundreds digit of 3/(105/(-638) + n/11)?
1
Let f(r) = 2*r**2 + 7*r - 6. Let y be f(-6). Suppose y*i - 21*i = 0. What is the units digit of 95 - 3*(-2 + 3 - i)?
2
Suppose -30*a - 21*a + 46*a = -19835. What is the tens digit of a?
6
Let r = 4 + 0. Suppose -15 = 5*f + r*o - 6, 4*f + 16 = -o. What is the tens digit of 2/(-5) - 182/f?
3
What is the hundreds digit of 31810/4 + 3/(-30)*-15?
9
Let a = -32388 - -62375. What is the thousands digit of a?
9
Suppose 9*c - 7 = 10*c, -c = -3*q + 1336. What is the units digit of q?
3
Let n = 324 + -28. Let l = 273 + n. What is the hundreds digit of l?
5
Let g(x) = -66*x + 5. Let s be g(1). Let k = s + 71. Suppose 0 = -k*j + 5*j + 665. What is the tens digit of j?
3
Let f = 24526 + 1608. What is the units digit of f?
4
Let x(l) = l**3 + 40*l**2 + 7*l - 49. Let j(w) = -5*w**2 - 110*w - 39. Let b be j(-22). What is the hundreds digit of x(b)?
1
What is the hundreds digit of (-6)/21*(-570591)/27?
0
Let z(l) = -1112*l**3 + 5*l**2 - 15*l - 90. What is the hundreds digit of z(-3)?
0
Suppose -13*y + 11978 = -15686. Suppose -y = 57*s - 59*s. What is the tens digit of s?
6
Let d = 697 - -1451. What is the thousands digit of d?
2
Let m = -246 + 252. What is the units digit of -1 + (7 - m) - -547?
7
Let t(g) = -g**3 + 3*g**2 - 4*g + 3. Suppose 12*p + 11 = 47. Let n be t(p). Let i(y) = -17*y + 19. What is the hundreds digit of i(n)?
1
Let z(f) = -16*f + 29. Let b = 111 - 130. What is the hundreds digit of z(b)?
3
What is the hundreds digit of 1*6037*(-8 - (18 - 29))?
1
Suppose -3*c + 6 = -2*d - 15, 4*d - 4*c = -40. What is the units digit of (-168 - d)/((-12)/104)?
8
Let w(m) = 4*m + 35. Let p be w(-8). Suppose -3*a = -3*x - 3225, p*x - 237 = -a + 858. Suppose 20*y + a = 26*y. What is the units digit of y?
0
Let j(u) = 431*u + 287. What is the tens digit of j(17)?
1
Let q be 778*(-1 + 6*(-3)/(-12)). Suppose y - 21 - 110 = 2*x, 3*y = 2*x + q. What is the units digit of y?
9
Let q(k) = -2586*k - 9682. What is the units digit of q(-14)?
2
Suppose 3*o - 754 = -w - 0*w, 2*w - 1478 = 4*o. Suppose -2*l - 4*g = -9*g - w, -g + 1849 = 5*l. What is the units digit of l?
0
Let c be (-2 + (-8)/(-3))*-3. Let w(i) = 2*i**2 - 16*i + 1. Let b be w(3). Let k = c - b. What is the units digit of k?
7
Let z(t) = 2*t**2 - 3*t + 3. Let c be (-2 - -1)/((-1)/(-2)). Let r be ((-8)/c)/8*1*6. What is the tens digit of z(r)?
1
Let h = -11 - -63. Suppose -4*c + h = -2*c. Let y = 38 - c. What is the units digit of y?
2
Let y be 1319 + (-4 + 1)*(-6 + 7). Let m be 4/(-22) - y/22. Let w = -1 - m. What is the tens digit of w?
5
Let b(v) = -v + 1. Let z(n) = 12*n - 3. Suppose -19*g + 21*g = -30. Let j(a) = g*b(a) - z(a). What is the units digit of j(6)?
6
Suppose -p - 54208 = -53*t + 51*t, 5*p = 2*t - 54208. What is the hundreds digit of t?
1
Suppose -249*m + 49*m + 2425335 + 676265 = 0. What is the tens digit of m?
0
Suppose -7*g - 4*y = -g - 31912, -4*g - 3*y = -21273. What is the hundreds digit of g?
3
Suppose -4*n = -16, n = r + 4*n - 54. Let z = r + -20. Let w = 44 + z. What is the tens digit of w?
6
Let c(q) = -3 + 42*q**2 + 4*q + 11*q**3 + 34*q**2 - 80*q**2. Let d be c(2). Suppose 2*i - d = 95. What is the tens digit of i?
8
Let l = 9253 + -5933. What is the tens digit of l?
2
Let i(s) = 20*s - 99. Let q be i(5). What is the hundreds digit of q*(455 - 2 - (16 - 14))?
4
What is the units digit of -3 + (-120673*(-3)/21)/1?
6
Let q = -10 - -47. Let r = q + -32. Suppose -r*u + 65 + 50 = 0. What is the units digit of u?
3
Suppose 4*v + m = 23783 + 20424, -3*v + 33184 = -5*m. What is the ten thousands digit of v?
1
Let d(g) be the third derivative of 11*g**4/6 + 2*g**3 - 89*g**2. Let x(o) = -o. Let l be x(-5). What is the hundreds digit of d(l)?
2
Suppose 12372*u - 12362*u = 155350. What is the ten thousands digit of u?
1
Let o(k) = 2*k - 14. Let x be 275/33 + (-2)/(-3). Let s be o(x). What is the units digit of (0 + (-138)/4)/((-3)/s)?
6
What is the hundreds digit of -873*13/(-234)*238?
5
Let z = 995 - 548. Suppose 6*c + z = 3*c. Let a = c + 220. What is the units digit of a?
1
Suppose -2*i = -10*i + 32. Suppose -i*g - 1055 = 5*h, 3*g - 5*g - 534 = -4*h. Let y = -110 - g. What is the tens digit of y?
5
Let r(w) = 3*w**2 + 17*w + 13. Let m be r(-7). Let v(p) = m*p**2 + 10 - 2*p - 3 - 7. What is the hundreds digit of v(2)?
1
Suppose -22*a - 120*a + 2438614 = -2477142. What is the tens digit of a?
1
Let y = 15523 - 50423. What is the hundreds digit of 12/(-66) + y/(-44)?
7
What is the units digit of ((-33)/(-6) - 7)*(150500/(-12) - 1)?
4
Let c = -266 - -271. Suppose c*t + 69 - 384 = 0. What is the tens digit of t?
6
Let k = 35 - 107. Let s be k/(-3)*(-2 - -4)/(-4). What is the units digit of -1*(-3 + s/4)?
6
Let c(t) = -t**3 - t**2 + 2*t + 37. Let a be c(-7). Let v = 703 - a. What is the hundreds digit of v?
3
Let j = -129 - -150. Let h(s) = -18. Let q(m) = -m. Let z(v) = -h(v) - 3*q(v). What is the units digit of z(j)?
1
Let q(l) = l**2 + 14*l + 1